{"id":354,"date":"2019-09-10T12:14:40","date_gmt":"2019-09-10T10:14:40","guid":{"rendered":"http:\/\/hoteldelaberoche.ch\/?page_id=354"},"modified":"2026-05-08T15:03:09","modified_gmt":"2026-05-08T13:03:09","slug":"wielkommen","status":"publish","type":"page","link":"https:\/\/hoteldelaberoche.ch\/?page_id=354&lang=de","title":{"rendered":"Empfang"},"content":{"rendered":"<p style=\"color: #98b835;\"><strong>Le restaurant sera ferm\u00e9 du mardi 4 ao\u00fbt au vendredi 7 ao\u00fbt 2026.<br \/><\/strong><em><strong>Petits-d\u00e9jeuners:<br \/><\/strong>Les dimanches uniquement (du 7 juin au dimanche 9 ao\u00fbt 2026): Nous ne pourrons plus vous proposer les petits d\u00e9jeuners.<br \/>Les autres jours de la semaine, le petit d\u00e9jeuner vous sera propos\u00e9 au prix de 15 Fr. par personne.<\/em><\/p>\n\n\n<p>Seit 1900 in St-Aubin-Sauges am Ufer des Neuenburgersees. Ein kleines und charmantes Hotel, dass Sie positiv \u00fcberraschen wird. Laurent Larmusiaux und Nicole Jeannet begr\u00fcssen Sie in einem originellen und charaktervollen Ambiente.<br> <br>Eine regionale und saisonale K\u00fcche erwartet Sie. Vom Chefkoch Larmusiaux auserw\u00e4hlt, werden Sie von Mademoiselle Nikita bedient und dies in einem freundschaftlichen und fr\u00f6hlichem Ambiente.<\/p>\n\n\n\n<figure class=\"wp-block-image\"><img loading=\"lazy\" decoding=\"async\" width=\"1024\" height=\"340\" src=\"http:\/\/hoteldelaberoche.ch\/wp-content\/uploads\/2019\/08\/HDB_Banner_photo_hotel-2-1024x340.jpg\" alt=\"\" class=\"wp-image-276\" srcset=\"https:\/\/hoteldelaberoche.ch\/wp-content\/uploads\/2019\/08\/HDB_Banner_photo_hotel-2-1024x340.jpg 1024w, https:\/\/hoteldelaberoche.ch\/wp-content\/uploads\/2019\/08\/HDB_Banner_photo_hotel-2-300x100.jpg 300w, https:\/\/hoteldelaberoche.ch\/wp-content\/uploads\/2019\/08\/HDB_Banner_photo_hotel-2-768x255.jpg 768w, https:\/\/hoteldelaberoche.ch\/wp-content\/uploads\/2019\/08\/HDB_Banner_photo_hotel-2.jpg 1200w\" sizes=\"auto, (max-width: 1024px) 100vw, 1024px\" \/><\/figure>\n\n\n\n<p>Im Sommer k\u00f6nnen Sie die Terrasse mit Blick auf einen zauberhaften Garten und das beruhigende Rauschen eines kleines Baches geniessen. Kommen Sie und entdecken Sie diese winzige Ecke des Paradieses. Das am besten geh\u00fctete Geheimnis von St-Aubin-Sauges.<\/p>\n\n\n\n<figure class=\"wp-block-image\"><img loading=\"lazy\" decoding=\"async\" width=\"1024\" height=\"340\" src=\"http:\/\/hoteldelaberoche.ch\/wp-content\/uploads\/2019\/08\/HDB_Banner_terrasse-1024x340.jpg\" alt=\"\" class=\"wp-image-88\" srcset=\"https:\/\/hoteldelaberoche.ch\/wp-content\/uploads\/2019\/08\/HDB_Banner_terrasse-1024x340.jpg 1024w, https:\/\/hoteldelaberoche.ch\/wp-content\/uploads\/2019\/08\/HDB_Banner_terrasse-300x100.jpg 300w, https:\/\/hoteldelaberoche.ch\/wp-content\/uploads\/2019\/08\/HDB_Banner_terrasse-768x255.jpg 768w, https:\/\/hoteldelaberoche.ch\/wp-content\/uploads\/2019\/08\/HDB_Banner_terrasse.jpg 1200w\" sizes=\"auto, (max-width: 1024px) 100vw, 1024px\" \/><\/figure>\n\n\n\n<p>Wir bieten Ihnen eine Brasserie-K\u00fcche an. Sie finden die Barschfilets aus dem See, die Silberfelchen, das Tatar, das Tournedos vom Rind mit Schalotten-Rotweinsauce, das Entrec\u00f4te Parisienne mit hausgemachtem Caf\u00e9 de Paris oder das Fondue&#8230; <\/p>\n\n\n\n<figure class=\"wp-block-image\"><img loading=\"lazy\" decoding=\"async\" width=\"1024\" height=\"340\" src=\"http:\/\/hoteldelaberoche.ch\/wp-content\/uploads\/2019\/08\/HDB_Banner_salle-1024x340.jpg\" alt=\"\" class=\"wp-image-92\" srcset=\"https:\/\/hoteldelaberoche.ch\/wp-content\/uploads\/2019\/08\/HDB_Banner_salle-1024x340.jpg 1024w, https:\/\/hoteldelaberoche.ch\/wp-content\/uploads\/2019\/08\/HDB_Banner_salle-300x100.jpg 300w, https:\/\/hoteldelaberoche.ch\/wp-content\/uploads\/2019\/08\/HDB_Banner_salle-768x255.jpg 768w, https:\/\/hoteldelaberoche.ch\/wp-content\/uploads\/2019\/08\/HDB_Banner_salle.jpg 1200w\" sizes=\"auto, (max-width: 1024px) 100vw, 1024px\" \/><\/figure>\n\n\n\n<p>Das Hotel mit stilvollen Zimmern.<\/p>\n\n\n\n<figure class=\"wp-block-image size-large\"><img loading=\"lazy\" decoding=\"async\" width=\"1024\" height=\"340\" src=\"https:\/\/hoteldelaberoche.ch\/wp-content\/uploads\/2026\/03\/HDB_Banner_photo_chambre_1-3-1024x340.jpg\" alt=\"\" class=\"wp-image-1606\" srcset=\"https:\/\/hoteldelaberoche.ch\/wp-content\/uploads\/2026\/03\/HDB_Banner_photo_chambre_1-3-1024x340.jpg 1024w, https:\/\/hoteldelaberoche.ch\/wp-content\/uploads\/2026\/03\/HDB_Banner_photo_chambre_1-3-300x100.jpg 300w, https:\/\/hoteldelaberoche.ch\/wp-content\/uploads\/2026\/03\/HDB_Banner_photo_chambre_1-3-768x255.jpg 768w, https:\/\/hoteldelaberoche.ch\/wp-content\/uploads\/2026\/03\/HDB_Banner_photo_chambre_1-3.jpg 1200w\" sizes=\"auto, (max-width: 1024px) 100vw, 1024px\" \/><\/figure>\n","protected":false},"excerpt":{"rendered":"<p>Le restaurant sera ferm\u00e9 du mardi 4 ao\u00fbt au vendredi 7 ao\u00fbt 2026.Petits-d\u00e9jeuners:Les dimanches uniquement (du 7 juin au dimanche 9 ao\u00fbt 2026): Nous ne pourrons plus vous proposer les petits d\u00e9jeuners.Les autres jours de la semaine, le petit d\u00e9jeuner vous sera propos\u00e9 au prix de 15 Fr. par personne. Seit 1900 in St-Aubin-Sauges am [&hellip;]<\/p>\n","protected":false},"author":1,"featured_media":0,"parent":0,"menu_order":0,"comment_status":"closed","ping_status":"closed","template":"","meta":{"footnotes":""},"class_list":["post-354","page","type-page","status-publish","hentry"],"_links":{"self":[{"href":"https:\/\/hoteldelaberoche.ch\/index.php?rest_route=\/wp\/v2\/pages\/354","targetHints":{"allow":["GET"]}}],"collection":[{"href":"https:\/\/hoteldelaberoche.ch\/index.php?rest_route=\/wp\/v2\/pages"}],"about":[{"href":"https:\/\/hoteldelaberoche.ch\/index.php?rest_route=\/wp\/v2\/types\/page"}],"author":[{"embeddable":true,"href":"https:\/\/hoteldelaberoche.ch\/index.php?rest_route=\/wp\/v2\/users\/1"}],"replies":[{"embeddable":true,"href":"https:\/\/hoteldelaberoche.ch\/index.php?rest_route=%2Fwp%2Fv2%2Fcomments&post=354"}],"version-history":[{"count":44,"href":"https:\/\/hoteldelaberoche.ch\/index.php?rest_route=\/wp\/v2\/pages\/354\/revisions"}],"predecessor-version":[{"id":1663,"href":"https:\/\/hoteldelaberoche.ch\/index.php?rest_route=\/wp\/v2\/pages\/354\/revisions\/1663"}],"wp:attachment":[{"href":"https:\/\/hoteldelaberoche.ch\/index.php?rest_route=%2Fwp%2Fv2%2Fmedia&parent=354"}],"curies":[{"name":"wp","href":"https:\/\/api.w.org\/{rel}","templated":true}]}}