{"id":52,"date":"2019-05-21T14:30:41","date_gmt":"2019-05-21T12:30:41","guid":{"rendered":"http:\/\/hoteldelaberoche.ch\/?page_id=52"},"modified":"2026-04-01T08:48:10","modified_gmt":"2026-04-01T06:48:10","slug":"chambre-9","status":"publish","type":"page","link":"https:\/\/hoteldelaberoche.ch\/?page_id=52","title":{"rendered":"Chambre 9"},"content":{"rendered":"\n<figure class=\"wp-block-image\"><img loading=\"lazy\" decoding=\"async\" width=\"1024\" height=\"340\" src=\"https:\/\/hoteldelaberoche.ch\/wp-content\/uploads\/2021\/07\/HDB_Banner_photo_chambre_9-1024x340.jpg\" alt=\"\" class=\"wp-image-875\" srcset=\"https:\/\/hoteldelaberoche.ch\/wp-content\/uploads\/2021\/07\/HDB_Banner_photo_chambre_9-1024x340.jpg 1024w, https:\/\/hoteldelaberoche.ch\/wp-content\/uploads\/2021\/07\/HDB_Banner_photo_chambre_9-300x100.jpg 300w, https:\/\/hoteldelaberoche.ch\/wp-content\/uploads\/2021\/07\/HDB_Banner_photo_chambre_9-768x255.jpg 768w, https:\/\/hoteldelaberoche.ch\/wp-content\/uploads\/2021\/07\/HDB_Banner_photo_chambre_9.jpg 1200w\" sizes=\"auto, (max-width: 1024px) 100vw, 1024px\" \/><\/figure>\n\n\n\n<p>\u2022 1 lit double<br> \u2022 Salle de bain dans la chambre<br> \u2022 TV<br> \u2022 Wifi gratuit<\/p>\n\n\n\n<p>CHF 100.- pour 1 pers. CHF 150.- pour 2 pers. \/ nuit\u00e9e<br>CHF 110.- pour 1 pers. CHF 160.- pour 2 pers. \/ nuit\u00e9e (Haute saison, Juin, Juillet et Ao\u00fbt)<\/p>\n\n\n\n<p><em>N&rsquo;oubliez pas de r\u00e9server votre table au restaurant ou sur la <\/em>terrasse.<br><em>Petit d\u00e9jeuner CHF 15.-\/pers.<\/em><\/p>\n\n\n\n<figure class=\"wp-block-gallery has-nested-images columns-2 is-cropped wp-block-gallery-1 is-layout-flex wp-block-gallery-is-layout-flex\">\n<figure class=\"wp-block-image\"><img loading=\"lazy\" decoding=\"async\" width=\"1024\" height=\"684\" data-id=\"336\" src=\"https:\/\/hoteldelaberoche.ch\/wp-content\/uploads\/2019\/09\/DSC_4302-2-1024x684.jpg\" alt=\"\" class=\"wp-image-336\" srcset=\"https:\/\/hoteldelaberoche.ch\/wp-content\/uploads\/2019\/09\/DSC_4302-2-1024x684.jpg 1024w, https:\/\/hoteldelaberoche.ch\/wp-content\/uploads\/2019\/09\/DSC_4302-2-300x200.jpg 300w, https:\/\/hoteldelaberoche.ch\/wp-content\/uploads\/2019\/09\/DSC_4302-2-768x513.jpg 768w, https:\/\/hoteldelaberoche.ch\/wp-content\/uploads\/2019\/09\/DSC_4302-2.jpg 1200w\" sizes=\"auto, (max-width: 1024px) 100vw, 1024px\" \/><\/figure>\n\n\n\n<figure class=\"wp-block-image size-large\"><img loading=\"lazy\" decoding=\"async\" width=\"1024\" height=\"684\" data-id=\"1651\" src=\"https:\/\/hoteldelaberoche.ch\/wp-content\/uploads\/2026\/04\/DSC_4301-1024x684.jpg\" alt=\"\" class=\"wp-image-1651\" srcset=\"https:\/\/hoteldelaberoche.ch\/wp-content\/uploads\/2026\/04\/DSC_4301-1024x684.jpg 1024w, https:\/\/hoteldelaberoche.ch\/wp-content\/uploads\/2026\/04\/DSC_4301-300x200.jpg 300w, https:\/\/hoteldelaberoche.ch\/wp-content\/uploads\/2026\/04\/DSC_4301-768x513.jpg 768w, https:\/\/hoteldelaberoche.ch\/wp-content\/uploads\/2026\/04\/DSC_4301-1536x1025.jpg 1536w, https:\/\/hoteldelaberoche.ch\/wp-content\/uploads\/2026\/04\/DSC_4301-2048x1367.jpg 2048w\" sizes=\"auto, (max-width: 1024px) 100vw, 1024px\" \/><\/figure>\n\n\n\n<figure class=\"wp-block-image\"><img loading=\"lazy\" decoding=\"async\" width=\"684\" height=\"1024\" data-id=\"333\" src=\"https:\/\/hoteldelaberoche.ch\/wp-content\/uploads\/2019\/09\/DSC_4311-684x1024.jpg\" alt=\"\" class=\"wp-image-333\" srcset=\"https:\/\/hoteldelaberoche.ch\/wp-content\/uploads\/2019\/09\/DSC_4311-684x1024.jpg 684w, https:\/\/hoteldelaberoche.ch\/wp-content\/uploads\/2019\/09\/DSC_4311-200x300.jpg 200w, https:\/\/hoteldelaberoche.ch\/wp-content\/uploads\/2019\/09\/DSC_4311-768x1151.jpg 768w, https:\/\/hoteldelaberoche.ch\/wp-content\/uploads\/2019\/09\/DSC_4311.jpg 801w\" sizes=\"auto, (max-width: 684px) 100vw, 684px\" \/><\/figure>\n\n\n\n<figure class=\"wp-block-image\"><img loading=\"lazy\" decoding=\"async\" width=\"1024\" height=\"684\" data-id=\"334\" src=\"https:\/\/hoteldelaberoche.ch\/wp-content\/uploads\/2019\/09\/DSC_4309-2-1024x684.jpg\" alt=\"\" class=\"wp-image-334\" srcset=\"https:\/\/hoteldelaberoche.ch\/wp-content\/uploads\/2019\/09\/DSC_4309-2-1024x684.jpg 1024w, https:\/\/hoteldelaberoche.ch\/wp-content\/uploads\/2019\/09\/DSC_4309-2-300x200.jpg 300w, https:\/\/hoteldelaberoche.ch\/wp-content\/uploads\/2019\/09\/DSC_4309-2-768x513.jpg 768w, https:\/\/hoteldelaberoche.ch\/wp-content\/uploads\/2019\/09\/DSC_4309-2.jpg 1200w\" sizes=\"auto, (max-width: 1024px) 100vw, 1024px\" \/><\/figure>\n\n\n\n<figure class=\"wp-block-image\"><img loading=\"lazy\" decoding=\"async\" width=\"684\" height=\"1024\" data-id=\"332\" src=\"https:\/\/hoteldelaberoche.ch\/wp-content\/uploads\/2019\/09\/DSC_4313-2-684x1024.jpg\" alt=\"\" class=\"wp-image-332\" srcset=\"https:\/\/hoteldelaberoche.ch\/wp-content\/uploads\/2019\/09\/DSC_4313-2-684x1024.jpg 684w, https:\/\/hoteldelaberoche.ch\/wp-content\/uploads\/2019\/09\/DSC_4313-2-200x300.jpg 200w, https:\/\/hoteldelaberoche.ch\/wp-content\/uploads\/2019\/09\/DSC_4313-2-768x1151.jpg 768w, https:\/\/hoteldelaberoche.ch\/wp-content\/uploads\/2019\/09\/DSC_4313-2.jpg 801w\" sizes=\"auto, (max-width: 684px) 100vw, 684px\" \/><\/figure>\n\n\n\n<figure class=\"wp-block-image\"><img loading=\"lazy\" decoding=\"async\" width=\"1024\" height=\"684\" data-id=\"330\" src=\"https:\/\/hoteldelaberoche.ch\/wp-content\/uploads\/2019\/09\/DSC_4316-1024x684.jpg\" alt=\"\" class=\"wp-image-330\" srcset=\"https:\/\/hoteldelaberoche.ch\/wp-content\/uploads\/2019\/09\/DSC_4316-1024x684.jpg 1024w, https:\/\/hoteldelaberoche.ch\/wp-content\/uploads\/2019\/09\/DSC_4316-300x200.jpg 300w, https:\/\/hoteldelaberoche.ch\/wp-content\/uploads\/2019\/09\/DSC_4316-768x513.jpg 768w, https:\/\/hoteldelaberoche.ch\/wp-content\/uploads\/2019\/09\/DSC_4316.jpg 1200w\" sizes=\"auto, (max-width: 1024px) 100vw, 1024px\" \/><\/figure>\n\n\n\n<figure class=\"wp-block-image\"><img loading=\"lazy\" decoding=\"async\" width=\"684\" height=\"1024\" data-id=\"329\" src=\"https:\/\/hoteldelaberoche.ch\/wp-content\/uploads\/2019\/09\/DSC_4322-684x1024.jpg\" alt=\"\" class=\"wp-image-329\" srcset=\"https:\/\/hoteldelaberoche.ch\/wp-content\/uploads\/2019\/09\/DSC_4322-684x1024.jpg 684w, https:\/\/hoteldelaberoche.ch\/wp-content\/uploads\/2019\/09\/DSC_4322-200x300.jpg 200w, https:\/\/hoteldelaberoche.ch\/wp-content\/uploads\/2019\/09\/DSC_4322-768x1151.jpg 768w, https:\/\/hoteldelaberoche.ch\/wp-content\/uploads\/2019\/09\/DSC_4322.jpg 801w\" sizes=\"auto, (max-width: 684px) 100vw, 684px\" \/><\/figure>\n\n\n\n<figure class=\"wp-block-image\"><img loading=\"lazy\" decoding=\"async\" width=\"1024\" height=\"684\" data-id=\"328\" src=\"https:\/\/hoteldelaberoche.ch\/wp-content\/uploads\/2019\/09\/DSC_4324-2-1024x684.jpg\" alt=\"\" class=\"wp-image-328\" srcset=\"https:\/\/hoteldelaberoche.ch\/wp-content\/uploads\/2019\/09\/DSC_4324-2-1024x684.jpg 1024w, https:\/\/hoteldelaberoche.ch\/wp-content\/uploads\/2019\/09\/DSC_4324-2-300x200.jpg 300w, https:\/\/hoteldelaberoche.ch\/wp-content\/uploads\/2019\/09\/DSC_4324-2-768x513.jpg 768w, https:\/\/hoteldelaberoche.ch\/wp-content\/uploads\/2019\/09\/DSC_4324-2.jpg 1200w\" sizes=\"auto, (max-width: 1024px) 100vw, 1024px\" \/><\/figure>\n<\/figure>\n","protected":false},"excerpt":{"rendered":"<p>\u2022 1 lit double \u2022 Salle de bain dans la chambre \u2022 TV \u2022 Wifi gratuit CHF 100.- pour 1 pers. CHF 150.- pour 2 pers. \/ nuit\u00e9eCHF 110.- pour 1 pers. CHF 160.- pour 2 pers. \/ nuit\u00e9e (Haute saison, Juin, Juillet et Ao\u00fbt) N&rsquo;oubliez pas de r\u00e9server votre table au restaurant ou sur [&hellip;]<\/p>\n","protected":false},"author":1,"featured_media":0,"parent":29,"menu_order":9,"comment_status":"closed","ping_status":"closed","template":"","meta":{"footnotes":""},"class_list":["post-52","page","type-page","status-publish","hentry"],"_links":{"self":[{"href":"https:\/\/hoteldelaberoche.ch\/index.php?rest_route=\/wp\/v2\/pages\/52","targetHints":{"allow":["GET"]}}],"collection":[{"href":"https:\/\/hoteldelaberoche.ch\/index.php?rest_route=\/wp\/v2\/pages"}],"about":[{"href":"https:\/\/hoteldelaberoche.ch\/index.php?rest_route=\/wp\/v2\/types\/page"}],"author":[{"embeddable":true,"href":"https:\/\/hoteldelaberoche.ch\/index.php?rest_route=\/wp\/v2\/users\/1"}],"replies":[{"embeddable":true,"href":"https:\/\/hoteldelaberoche.ch\/index.php?rest_route=%2Fwp%2Fv2%2Fcomments&post=52"}],"version-history":[{"count":18,"href":"https:\/\/hoteldelaberoche.ch\/index.php?rest_route=\/wp\/v2\/pages\/52\/revisions"}],"predecessor-version":[{"id":1652,"href":"https:\/\/hoteldelaberoche.ch\/index.php?rest_route=\/wp\/v2\/pages\/52\/revisions\/1652"}],"up":[{"embeddable":true,"href":"https:\/\/hoteldelaberoche.ch\/index.php?rest_route=\/wp\/v2\/pages\/29"}],"wp:attachment":[{"href":"https:\/\/hoteldelaberoche.ch\/index.php?rest_route=%2Fwp%2Fv2%2Fmedia&parent=52"}],"curies":[{"name":"wp","href":"https:\/\/api.w.org\/{rel}","templated":true}]}}