{"id":9,"date":"2019-05-14T16:45:03","date_gmt":"2019-05-14T14:45:03","guid":{"rendered":"http:\/\/hoteldelaberoche.ch\/?page_id=9"},"modified":"2026-08-24T17:37:34","modified_gmt":"2026-08-24T15:37:34","slug":"test-page","status":"publish","type":"page","link":"https:\/\/hoteldelaberoche.ch\/","title":{"rendered":"Accueil"},"content":{"rendered":"<p style=\"color: #98b835;\"><strong>Fermeture du restaurant pour les vacances d\u2019\u00e9t\u00e9 d\u00e8s le 5 septembre au soir apr\u00e8s la braderie organis\u00e9 par les commer\u00e7ants<\/strong>\nR\u00e9ouverture mardi 29 septembre<br>\n<br>\nRestaurant fermer le vendredis 4 et samedi 5 d\u00e9cembre 2026<br>\n<br>\n<strong>Fermeture du restaurant et de l\u2019h\u00f4tel pour les vacances de No\u00ebl<\/strong> \nle samedi 19 apr\u00e8s vous avoir servi une bonne fondue \u00e0 midi comme les ann\u00e9es pr\u00e9c\u00e9dentes. \n(Seulement sur r\u00e9servation au 032 835 15 20)R\u00e9ouverture le mardi 5 janvier 2027<\/p>\n\n\n<p><br><br>Install\u00e9 \u00e0 Saint-Aubin-Sauges, au bord du Lac de Neuch\u00e2tel depuis 1900.<br>C&rsquo;est un petit h\u00f4tel de charme qui vous surprendra. <br>Laurent Larmusiaux et Nicole Jeannet vous accueilleront dans un cadre original et de caract\u00e8re.<br>Une cuisine r\u00e9gionale et de saison. Choisie et cuisin\u00e9e par le chef Larmusiaux, vous sera servie par Mademoiselle Nikita, dans une ambiance amicale et joyeuse.<\/p>\n\n\n\n<figure class=\"wp-block-image\"><img loading=\"lazy\" decoding=\"async\" width=\"1024\" height=\"340\" src=\"http:\/\/hoteldelaberoche.ch\/wp-content\/uploads\/2019\/08\/HDB_Banner_photo_hotel-2-1024x340.jpg\" alt=\"\" class=\"wp-image-276\" srcset=\"https:\/\/hoteldelaberoche.ch\/wp-content\/uploads\/2019\/08\/HDB_Banner_photo_hotel-2-1024x340.jpg 1024w, https:\/\/hoteldelaberoche.ch\/wp-content\/uploads\/2019\/08\/HDB_Banner_photo_hotel-2-300x100.jpg 300w, https:\/\/hoteldelaberoche.ch\/wp-content\/uploads\/2019\/08\/HDB_Banner_photo_hotel-2-768x255.jpg 768w, https:\/\/hoteldelaberoche.ch\/wp-content\/uploads\/2019\/08\/HDB_Banner_photo_hotel-2.jpg 1200w\" sizes=\"auto, (max-width: 1024px) 100vw, 1024px\" \/><\/figure>\n\n\n\n<p>A la belle saison, d\u00e9couvrez la terrasse qui surplombe un jardin magique, au son apaisant d&rsquo;un ruisseau. Venez d\u00e9couvrir ce v\u00e9ritable petit coin de paradis. Le secret le mieux gard\u00e9 de St-Aubin.<\/p>\n\n\n\n<figure class=\"wp-block-image\"><img loading=\"lazy\" decoding=\"async\" width=\"1024\" height=\"340\" src=\"http:\/\/hoteldelaberoche.ch\/wp-content\/uploads\/2019\/08\/HDB_Banner_terrasse-1024x340.jpg\" alt=\"\" class=\"wp-image-88\" srcset=\"https:\/\/hoteldelaberoche.ch\/wp-content\/uploads\/2019\/08\/HDB_Banner_terrasse-1024x340.jpg 1024w, https:\/\/hoteldelaberoche.ch\/wp-content\/uploads\/2019\/08\/HDB_Banner_terrasse-300x100.jpg 300w, https:\/\/hoteldelaberoche.ch\/wp-content\/uploads\/2019\/08\/HDB_Banner_terrasse-768x255.jpg 768w, https:\/\/hoteldelaberoche.ch\/wp-content\/uploads\/2019\/08\/HDB_Banner_terrasse.jpg 1200w\" sizes=\"auto, (max-width: 1024px) 100vw, 1024px\" \/><\/figure>\n\n\n\n<p>Nous vous proposons une cuisine de brasserie. Retrouvez les  filets de perche du lac, La bondelle, Le tartare, le tournedo de b\u0153uf avec sa sauce \u00e0 l\u2019\u00e9chalote et au vin rouge, L&rsquo;entrec\u00f4te parisienne avec caf\u00e9 de paris maison ou encore la fondue&#8230; <\/p>\n\n\n\n<figure class=\"wp-block-image\"><img loading=\"lazy\" decoding=\"async\" width=\"1024\" height=\"340\" src=\"http:\/\/hoteldelaberoche.ch\/wp-content\/uploads\/2019\/08\/HDB_Banner_salle-1024x340.jpg\" alt=\"\" class=\"wp-image-92\" srcset=\"https:\/\/hoteldelaberoche.ch\/wp-content\/uploads\/2019\/08\/HDB_Banner_salle-1024x340.jpg 1024w, https:\/\/hoteldelaberoche.ch\/wp-content\/uploads\/2019\/08\/HDB_Banner_salle-300x100.jpg 300w, https:\/\/hoteldelaberoche.ch\/wp-content\/uploads\/2019\/08\/HDB_Banner_salle-768x255.jpg 768w, https:\/\/hoteldelaberoche.ch\/wp-content\/uploads\/2019\/08\/HDB_Banner_salle.jpg 1200w\" sizes=\"auto, (max-width: 1024px) 100vw, 1024px\" \/><\/figure>\n\n\n\n<p>L&rsquo;h\u00f4tel aux chambres de style.<\/p>\n\n\n\n<figure class=\"wp-block-image size-large\"><a href=\"https:\/\/hoteldelaberoche.ch\/?page_id=29\"><img loading=\"lazy\" decoding=\"async\" width=\"1024\" height=\"340\" src=\"https:\/\/hoteldelaberoche.ch\/wp-content\/uploads\/2026\/03\/HDB_Banner_photo_chambre_1-1024x340.jpg\" alt=\"\" class=\"wp-image-1541\" srcset=\"https:\/\/hoteldelaberoche.ch\/wp-content\/uploads\/2026\/03\/HDB_Banner_photo_chambre_1-1024x340.jpg 1024w, https:\/\/hoteldelaberoche.ch\/wp-content\/uploads\/2026\/03\/HDB_Banner_photo_chambre_1-300x100.jpg 300w, https:\/\/hoteldelaberoche.ch\/wp-content\/uploads\/2026\/03\/HDB_Banner_photo_chambre_1-768x255.jpg 768w, https:\/\/hoteldelaberoche.ch\/wp-content\/uploads\/2026\/03\/HDB_Banner_photo_chambre_1.jpg 1200w\" sizes=\"auto, (max-width: 1024px) 100vw, 1024px\" \/><\/a><\/figure>\n","protected":false},"excerpt":{"rendered":"<p>Fermeture du restaurant pour les vacances d\u2019\u00e9t\u00e9 d\u00e8s le 5 septembre au soir apr\u00e8s la braderie organis\u00e9 par les commer\u00e7ants R\u00e9ouverture mardi 29 septembre Restaurant fermer le vendredis 4 et samedi 5 d\u00e9cembre 2026 Fermeture du restaurant et de l\u2019h\u00f4tel pour les vacances de No\u00ebl le samedi 19 apr\u00e8s vous avoir servi une bonne fondue [&hellip;]<\/p>\n","protected":false},"author":1,"featured_media":0,"parent":0,"menu_order":0,"comment_status":"closed","ping_status":"closed","template":"","meta":{"footnotes":""},"class_list":["post-9","page","type-page","status-publish","hentry"],"_links":{"self":[{"href":"https:\/\/hoteldelaberoche.ch\/index.php?rest_route=\/wp\/v2\/pages\/9","targetHints":{"allow":["GET"]}}],"collection":[{"href":"https:\/\/hoteldelaberoche.ch\/index.php?rest_route=\/wp\/v2\/pages"}],"about":[{"href":"https:\/\/hoteldelaberoche.ch\/index.php?rest_route=\/wp\/v2\/types\/page"}],"author":[{"embeddable":true,"href":"https:\/\/hoteldelaberoche.ch\/index.php?rest_route=\/wp\/v2\/users\/1"}],"replies":[{"embeddable":true,"href":"https:\/\/hoteldelaberoche.ch\/index.php?rest_route=%2Fwp%2Fv2%2Fcomments&post=9"}],"version-history":[{"count":83,"href":"https:\/\/hoteldelaberoche.ch\/index.php?rest_route=\/wp\/v2\/pages\/9\/revisions"}],"predecessor-version":[{"id":1717,"href":"https:\/\/hoteldelaberoche.ch\/index.php?rest_route=\/wp\/v2\/pages\/9\/revisions\/1717"}],"wp:attachment":[{"href":"https:\/\/hoteldelaberoche.ch\/index.php?rest_route=%2Fwp%2Fv2%2Fmedia&parent=9"}],"curies":[{"name":"wp","href":"https:\/\/api.w.org\/{rel}","templated":true}]}}

<p style="color: #98b835;"><strong>Fermeture du restaurant pour les vacances d’été dès le 5 septembre au soir après la braderie organisé par les commerçants</strong>
Réouverture mardi 29 septembre<br>
<br>
Restaurant fermer le vendredis 4 et samedi 5 décembre 2026<br>
<br>
<strong>Fermeture du restaurant et de l’hôtel pour les vacances de Noël</strong> 
le samedi 19 après vous avoir servi une bonne fondue à midi comme les années précédentes. 
(Seulement sur réservation au 032 835 15 20)Réouverture le mardi 5 janvier 2027</p>


<p><br><br>Installé à Saint-Aubin-Sauges, au bord du Lac de Neuchâtel depuis 1900.<br>C&rsquo;est un petit hôtel de charme qui vous surprendra. <br>Laurent Larmusiaux et Nicole Jeannet vous accueilleront dans un cadre original et de caractère.<br>Une cuisine régionale et de saison. Choisie et cuisinée par le chef Larmusiaux, vous sera servie par Mademoiselle Nikita, dans une ambiance amicale et joyeuse.</p>



<figure class="wp-block-image"><img loading="lazy" decoding="async" width="1024" height="340" src="http://hoteldelaberoche.ch/wp-content/uploads/2019/08/HDB_Banner_photo_hotel-2-1024x340.jpg" alt="" class="wp-image-276" srcset="https://hoteldelaberoche.ch/wp-content/uploads/2019/08/HDB_Banner_photo_hotel-2-1024x340.jpg 1024w, https://hoteldelaberoche.ch/wp-content/uploads/2019/08/HDB_Banner_photo_hotel-2-300x100.jpg 300w, https://hoteldelaberoche.ch/wp-content/uploads/2019/08/HDB_Banner_photo_hotel-2-768x255.jpg 768w, https://hoteldelaberoche.ch/wp-content/uploads/2019/08/HDB_Banner_photo_hotel-2.jpg 1200w" sizes="auto, (max-width: 1024px) 100vw, 1024px" /></figure>



<p>A la belle saison, découvrez la terrasse qui surplombe un jardin magique, au son apaisant d&rsquo;un ruisseau. Venez découvrir ce véritable petit coin de paradis. Le secret le mieux gardé de St-Aubin.</p>



<figure class="wp-block-image"><img loading="lazy" decoding="async" width="1024" height="340" src="http://hoteldelaberoche.ch/wp-content/uploads/2019/08/HDB_Banner_terrasse-1024x340.jpg" alt="" class="wp-image-88" srcset="https://hoteldelaberoche.ch/wp-content/uploads/2019/08/HDB_Banner_terrasse-1024x340.jpg 1024w, https://hoteldelaberoche.ch/wp-content/uploads/2019/08/HDB_Banner_terrasse-300x100.jpg 300w, https://hoteldelaberoche.ch/wp-content/uploads/2019/08/HDB_Banner_terrasse-768x255.jpg 768w, https://hoteldelaberoche.ch/wp-content/uploads/2019/08/HDB_Banner_terrasse.jpg 1200w" sizes="auto, (max-width: 1024px) 100vw, 1024px" /></figure>



<p>Nous vous proposons une cuisine de brasserie. Retrouvez les  filets de perche du lac, La bondelle, Le tartare, le tournedo de bœuf avec sa sauce à l’échalote et au vin rouge, L&rsquo;entrecôte parisienne avec café de paris maison ou encore la fondue&#8230; </p>



<figure class="wp-block-image"><img loading="lazy" decoding="async" width="1024" height="340" src="http://hoteldelaberoche.ch/wp-content/uploads/2019/08/HDB_Banner_salle-1024x340.jpg" alt="" class="wp-image-92" srcset="https://hoteldelaberoche.ch/wp-content/uploads/2019/08/HDB_Banner_salle-1024x340.jpg 1024w, https://hoteldelaberoche.ch/wp-content/uploads/2019/08/HDB_Banner_salle-300x100.jpg 300w, https://hoteldelaberoche.ch/wp-content/uploads/2019/08/HDB_Banner_salle-768x255.jpg 768w, https://hoteldelaberoche.ch/wp-content/uploads/2019/08/HDB_Banner_salle.jpg 1200w" sizes="auto, (max-width: 1024px) 100vw, 1024px" /></figure>



<p>L&rsquo;hôtel aux chambres de style.</p>



<figure class="wp-block-image size-large"><a href="https://hoteldelaberoche.ch/?page_id=29"><img loading="lazy" decoding="async" width="1024" height="340" src="https://hoteldelaberoche.ch/wp-content/uploads/2026/03/HDB_Banner_photo_chambre_1-1024x340.jpg" alt="" class="wp-image-1541" srcset="https://hoteldelaberoche.ch/wp-content/uploads/2026/03/HDB_Banner_photo_chambre_1-1024x340.jpg 1024w, https://hoteldelaberoche.ch/wp-content/uploads/2026/03/HDB_Banner_photo_chambre_1-300x100.jpg 300w, https://hoteldelaberoche.ch/wp-content/uploads/2026/03/HDB_Banner_photo_chambre_1-768x255.jpg 768w, https://hoteldelaberoche.ch/wp-content/uploads/2026/03/HDB_Banner_photo_chambre_1.jpg 1200w" sizes="auto, (max-width: 1024px) 100vw, 1024px" /></a></figure>

<p>Fermeture du restaurant pour les vacances d’été dès le 5 septembre au soir après la braderie organisé par les commerçants Réouverture mardi 29 septembre Restaurant fermer le vendredis 4 et samedi 5 décembre 2026 Fermeture du restaurant et de l’hôtel pour les vacances de Noël le samedi 19 après vous avoir servi une bonne fondue [&hellip;]</p>
